st common divisor of 11 and o?
11
Suppose -3*j = -2*j - 45. Suppose 18*n = 10*n + 600. Calculate the highest common divisor of n and j.
15
Let c(u) = -29*u - 122. Let y be c(-7). Calculate the greatest common divisor of y and 729.
81
Suppose 18*m - 5*m = 507. What is the greatest common factor of 91 and m?
13
Suppose -298 = -3*m + 470. What is the highest common factor of 16 and m?
16
Let o = 6 + 14. Let s(h) = -h**3 + 6*h**2 - h + 4. Let y be s(7). Let m = -22 - y. What is the greatest common divisor of o and m?
10
Suppose -11 = -q + 9. Suppose -q = -m - 7. Let u be -2*-78*(-3)/(-12). What is the highest common divisor of m and u?
13
Let o = 205 + -198. What is the greatest common factor of o and 56?
7
Let i = 21 - -119. Suppose -b - 350 = -11*b. What is the highest common divisor of i and b?
35
Let c be (58*(-1 + 2) - 1) + -1. Calculate the highest common divisor of 16 and c.
8
Let c be 15/(-2)*(-2)/3. Suppose 10 = c*o - 3*o. Suppose 3*q = -2*m + 15, q - 3*m + 3 - 8 = 0. Calculate the highest common divisor of q and o.
5
Let s(c) = c**2 - 18*c + 22. Let m be s(15). Let x = m - -58. Calculate the greatest common divisor of x and 14.
7
Let h(i) = 22*i - 40. Let p = -49 + 53. Let f be h(p). Calculate the greatest common divisor of f and 6.
6
Let j be (-16)/(6/(-3)) - -7. Calculate the highest common factor of j and 114.
3
Suppose -82 = -7*h - 5. What is the highest common divisor of h and 781?
11
Let j = 1108 + -632. What is the greatest common factor of 28 and j?
28
Suppose -s + 6*p = 3*p, p = 0. Suppose -9*h + 14*h - 1320 = s. Calculate the highest common divisor of 24 and h.
24
Let v be 95/4 - (-11)/44. Suppose 0 = c + 3*c + v. Let n be c/(-8) + (-212)/(-16). What is the greatest common factor of 126 and n?
14
Let o(z) = z**3 + 11*z**2 + 25*z + 10. Let h be o(-8). Let i(j) = -j**3 - 2*j**2 - 2*j - 1. Let r be i(-2). Calculate the greatest common factor of r and h.
1
Let z be ((-22)/3)/((-4)/72*6). What is the highest common factor of 198 and z?
22
Let g(b) = -4*b**2 + 5*b. Let f(n) = 7*n**2 - 10*n. Let o(v) = -3*f(v) - 5*g(v). Let u be o(2). Calculate the greatest common factor of u and 4.
2
Let z(f) = 2*f**2 - 5*f - 3. Let g be z(4). Suppose 0*s + 2*s + w = -55, -103 = 4*s - 5*w. Let k be (-6)/g*s/2. Calculate the greatest common factor of k and 6.
3
Suppose -4*z + 356 = 2*s, 3*z - s = -191 + 468. What is the highest common divisor of 52 and z?
13
Suppose p - 14*o = -9*o + 36, -5*p - o + 50 = 0. What is the highest common factor of 374 and p?
11
Suppose 3*y - 63 = 2*s, -y = -3*s + 5*s - 29. Let t = 27 + y. Calculate the highest common factor of t and 10.
10
Suppose -6*l + 2*l + 8 = 0, -4*c - 4*l = -52. What is the highest common factor of 209 and c?
11
Suppose 0*w + 4200 = 3*w. Suppose 13 = -4*r + 21. Suppose -10 = r*f, 0*f = -5*a + f + w. What is the greatest common factor of a and 31?
31
Let n = 93 + 83. Let u be (-34)/(-14) + -2 + n/14. Let z be (351/3)/(0 - -1). Calculate the greatest common divisor of u and z.
13
Let y = -1585 - -2362. Calculate the highest common divisor of 21 and y.
21
Let o(a) = -a**3 + 6*a**2 - 5*a - 5. Let w be o(4). Let z(l) = 6*l. Let u = -1 + 8. Let g be z(u). Calculate the greatest common factor of g and w.
7
Suppose 35*u - 269 = 921. What is the greatest common divisor of 1598 and u?
34
Let s be ((-26)/(-4))/(2/4). Suppose s = 2*j - 1. Let b be 9*17/3 - 2. What is the highest common divisor of j and b?
7
Suppose 0 = 2*o, j - 45 = -3*o - 29. Calculate the highest common divisor of j and 5.
1
Suppose -3*z + 3*q = z - 686, -4*q = 5*z - 842. Let n(l) = 68*l**3 - 2*l**2 + l + 1. Let s be n(1). What is the greatest common divisor of z and s?
34
Let x = 422 + -228. Calculate the highest common divisor of x and 97.
97
Let d be (-6*(-7 + 10))/(1/(-19)). Calculate the highest common divisor of d and 18.
18
Let k = -44 - -408. What is the greatest common divisor of k and 208?
52
Let u(z) be the third derivative of -z**4/24 + 8*z**3/3 - 5*z**2. Let y be u(9). Calculate the highest common divisor of 63 and y.
7
Let c(r) = -12*r + 4. Let q = -20 + 19. Let y be c(q). Suppose -x + 36 = -4. Calculate the highest common factor of x and y.
8
Let o(u) = -60*u. Suppose -5*f + 9 = 14. Let m be o(f). Suppose j + m = 6*j. What is the highest common divisor of 8 and j?
4
Let v = -1794 - -1871. Calculate the greatest common factor of v and 2387.
77
Let q(s) = -s**3 - 2*s**2 - 4*s - 4. Let p be q(-2). Suppose -w - 4 + 10 = p*h, 4*w - 38 = -2*h. What is the greatest common divisor of 4 and w?
2
Let x(k) = 3*k**2 + 10*k + 15. Let o be x(-2). What is the highest common factor of o and 28?
7
Let f(j) = -j**3 + 14*j**2 + 52*j + 6. Let m be f(17). What is the highest common factor of m and 207?
23
Let l(q) be the first derivative of -5*q**2 - 7*q - 4. Let x be l(-2). Calculate the greatest common factor of 65 and x.
13
Let o be (-1)/((-27)/(-116) - 4/16). What is the greatest common factor of o and 58?
58
Let w be (-1)/5*5/(-1). Let v be 3 + w + -3 + 3. Suppose -s = -v*s + 120. What is the highest common divisor of s and 8?
8
Let x = 1042 - 949. Calculate the highest common divisor of 31 and x.
31
Suppose -2*j = -3*u + 61, -25 = 5*u + 4*j - 134. Suppose -425*a - 1890 = -455*a. What is the greatest common divisor of u and a?
21
Suppose -33*p = -1427 - 1048. What is the greatest common divisor of 2400 and p?
75
Let t(o) = 3*o - 11. Let h(s) = 7*s - 23. Let w(q) = -2*h(q) + 5*t(q). Let a be w(11). Let r be 18/15*65/a. Calculate the greatest common divisor of r and 13.
13
Let z be (-274)/(-18) + 12/(-54). Suppose -2*n = -5*n + 282. Let s = n + -49. Calculate the highest common factor of s and z.
15
Suppose 0 = -5*v + 29 + 51. Suppose 4*m - 116 = v. Suppose 15*l - 12*l - 33 = 0. Calculate the highest common divisor of l and m.
11
Suppose 0 = x - 17 + 22, 0 = 5*t + x - 80. What is the highest common factor of 425 and t?
17
Let g(n) = -n**2 - 4*n + 1. Let r be g(-3). Suppose 0 = -r*b - p - 71 + 752, 4*p = 20. Calculate the highest common divisor of b and 13.
13
Suppose 4*t + 5*h = -t + 5, -4*h = 3*t. Suppose 9 + 3 = t*w. Let g = -41 - -74. Calculate the greatest common divisor of w and g.
3
Suppose 21 = -5*l + 111. Suppose v = -l + 2. Let i be (18/4)/((-3)/v). Calculate the highest common divisor of i and 3.
3
Let s be 2/(-90)*10 - (-382)/18. Calculate the highest common divisor of 48 and s.
3
Suppose -y - 4*r - 1004 = -2*y, -2013 = -2*y + 3*r. Suppose 12*g - y = -0*g. Let t be (5 + 1)*(-70)/(-15). What is the greatest common divisor of t and g?
28
Suppose 20*j - 22*j + 56 = 0. Calculate the greatest common factor of j and 126.
14
Let z be (-10)/95 - 16736/(-152). Calculate the greatest common divisor of z and 10.
10
Suppose 0 = -3*c - 12. Let t be 6*((-10)/5)/c. Suppose -5*w = -t*s - 0*w + 628, -2*s - 5*w = -452. What is the greatest common factor of s and 24?
24
Suppose 2*x = -5*r + 18, -17 = -5*x + 2*r + 57. Calculate the highest common divisor of 343 and x.
7
Let x = -13 - -17. Suppose -14 = -x*t + 22. Let f = t - -1. Calculate the greatest common factor of 80 and f.
10
Let k = 114 - 98. Calculate the highest common factor of 168 and k.
8
Suppose -5*m + 80 = 3*m. Let p be (0 - -6)*5/m + -1. What is the greatest common divisor of 18 and p?
2
Let w be (-1 - (-4 + 2))*5. Suppose w*a + 17 = 127. Calculate the highest common factor of a and 132.
22
Let u(f) = 2*f - 5. Let j be u(3). Suppose -5*g = -i - 8*g - 2, 0 = 3*g + 15. What is the greatest common factor of j and i?
1
Let w(p) be the third derivative of -p**5/60 + 7*p**3/2 + 3*p**2. Let j be w(0). Let x = -95 + 137. What is the greatest common factor of j and x?
21
Let s = -1931 + 1949. Calculate the greatest common divisor of 4 and s.
2
Let g(k) = k**3 + 10*k**2 + 5*k - 23. Let n be g(-9). Let y = 41 - n. Calculate the highest common factor of 42 and y.
14
Suppose 47*m + 19*m - 4026 = 0. What is the highest common factor of m and 122?
61
Suppose -2*y = -0*y - 5*u - 274, -2*u + 449 = 3*y. Suppose -3*s - 63 = -6*s. Calculate the greatest common divisor of s and y.
21
Let y(o) = -o**2 + 10*o + 20. Let t(s) = -s**3 + 12*s**2 - 11*s + 10. Let x be t(11). Let v be y(x). What is the greatest common divisor of 5 and v?
5
Suppose -5*t = -16 + 51. Let n(b) = -b**2 - 7*b + 10. Let u be n(t). Let f(v